iple of 102?
False
Is 17 a factor of 145282?
True
Does 338 divide 43667?
False
Does 515 divide 2310290?
True
Does 14 divide 561085?
False
Is 150368 a multiple of 11?
False
Is 520 a factor of 279760?
True
Is 8091 a multiple of 87?
True
Is 79 a factor of 858967?
True
Is 6244034 a multiple of 941?
False
Does 700 divide 2272900?
True
Is 18 a factor of 3380490?
True
Is 276 a factor of 428134?
False
Is 12830097 a multiple of 94?
False
Is 9289920 a multiple of 480?
True
Does 380 divide 1361083?
False
Does 6 divide 185600?
False
Is 5213542 a multiple of 75?
False
Is 17112 a multiple of 92?
True
Is 15 a factor of 454590?
True
Is 68099 a multiple of 24?
False
Is 33 a factor of 4661382?
True
Does 66 divide 313302?
True
Is 11 a factor of 39523?
True
Does 56 divide 13048?
True
Is 233 a factor of 4007617?
False
Is 40 a factor of 13857194?
False
Is 4931304 a multiple of 2364?
True
Is 1099129 a multiple of 15?
False
Does 80 divide 3099750?
False
Is 428608 a multiple of 16?
True
Is 56350 a multiple of 7?
True
Is 2009440 a multiple of 608?
True
Does 427 divide 2556065?
False
Is 1019 a factor of 11415566?
False
Is 30314 a multiple of 46?
True
Is 9 a factor of 4860489?
False
Is 11 a factor of 427614?
True
Is 736 a factor of 12070465?
False
Is 372732 a multiple of 698?
True
Does 4 divide 15632?
True
Is 622880 a multiple of 85?
True
Does 199 divide 8612084?
False
Is 5 a factor of 38004?
False
Does 12 divide 1046021?
False
Is 68 a factor of 339864?
True
Is 19584675 a multiple of 205?
True
Does 37 divide 3899541?
True
Is 2 a factor of 23941?
False
Is 113 a factor of 2609170?
True
Is 62827 a multiple of 24?
False
Does 22 divide 429220?
True
Does 456 divide 10617048?
True
Does 2607 divide 9846702?
False
Is 580368 a multiple of 599?
False
Does 33 divide 908754?
True
Is 112468 a multiple of 235?
False
Is 69 a factor of 5403990?
False
Does 2 divide 9341?
False
Is 181 a factor of 81631?
True
Is 2839 a multiple of 13?
False
Is 801908 a multiple of 62?
True
Is 1858695 a multiple of 369?
False
Does 7 divide 5555620?
True
Does 68 divide 1453568?
True
Is 3279722 a multiple of 116?
False
Is 104 a factor of 29744?
True
Does 152 divide 193344?
True
Is 1566753 a multiple of 572?
False
Is 17 a factor of 1380332?
True
Is 27907 a multiple of 31?
False
Is 443410 a multiple of 110?
True
Is 977137 a multiple of 13?
False
Does 17 divide 376499?
True
Is 317 a factor of 289877?
False
Does 137 divide 143987?
True
Is 4 a factor of 6732161?
False
Does 473 divide 2132564?
False
Is 369190 a multiple of 631?
False
Does 86 divide 893196?
True
Is 222 a factor of 232695?
False
Is 2437 a factor of 13125682?
True
Is 227 a factor of 3764518?
False
Is 5367074 a multiple of 86?
False
Is 129129 a multiple of 21?
True
Is 16 a factor of 438688?
True
Is 315759 a multiple of 27?
False
Is 13810020 a multiple of 30?
True
Is 5655950 a multiple of 31?
True
Does 7 divide 1195194?
True
Is 1892460 a multiple of 60?
True
Does 150 divide 279840?
False
Is 702186 a multiple of 111?
True
Is 2 a factor of 38152?
True
Is 18 a factor of 616120?
False
Is 104938 a multiple of 25?
False
Is 10 a factor of 41780?
True
Does 17 divide 5342802?
False
Does 57 divide 209297?
False
Does 250 divide 290223?
False
Is 131 a factor of 546401?
True
Is 65 a factor of 406640?
True
Does 34 divide 732706?
False
Is 96226 a multiple of 13?
True
Is 177 a factor of 546364?
False
Is 78062 a multiple of 340?
False
Is 50391 a multiple of 9?
True
Is 21 a factor of 3573213?
True
Is 6836872 a multiple of 12?
False
Is 156 a factor of 938440?
False
Does 441 divide 11417049?
True
Is 174 a factor of 174522?
True
Is 29 a factor of 28687?
False
Is 35073 a multiple of 3?
True
Is 473396 a multiple of 371?
True
Is 7988400 a multiple of 225?
True
Is 12 a factor of 312744?
True
Is 912364 a multiple of 422?
True
Is 119625 a multiple of 125?
True
Does 1628 divide 11487168?
True
Is 18 a factor of 7130826?
True
Does 24 divide 90648?
True
Does 646 divide 2131154?
True
Is 98 a factor of 1165496?
False
Is 2391274 a multiple of 90?
False
Is 1453210 a multiple of 242?
True
Is 5483832 a multiple of 328?
True
Does 12 divide 891211?
False
Is 107 a factor of 193777?
True
Is 77 a factor of 391622?
True
Is 3105864 a multiple of 72?
True
Is 342369 a multiple of 128?
False
Is 75 a factor of 583197?
False
Is 1071006 a multiple of 616?
False
Is 152 a factor of 19760?
True
Is 108914 a multiple of 39?
False
Does 355 divide 382192?
False
Does 38 divide 3675778?
True
Is 25 a factor of 422222?
False
Does 41 divide 820825?
False
Does 77 divide 185031?
True
Is 1329 a factor of 9147518?
False
Is 18 a factor of 1030577?
False
Is 246 a factor of 67657?
False
Does 16 divide 182441?
False
Does 15 divide 25467?
False
Does 134 divide 1716406?
True
Does 13 divide 4351216?
False
Is 441 a factor of 6873275?
False
Is 73 a factor of 94075?
False
Does 24 divide 1210583?
False
Is 1056039 a multiple of 6?
False
Does 15 divide 386805?
True
Is 486160 a multiple of 16?
True
Is 37 a factor of 819957?
True
Is 43 a factor of 105264?
True
Is 433 a factor of 769227?
False
Does 580 divide 1654828?
False
Does 127 divide 214960?
False
Is 723154 a multiple of 896?
False
Is 50 a factor of 50583?
False
Is 7 a factor of 252122?
False
Is 4704956 a multiple of 57?
False
Is 29568137 a multiple of 846?
False
Is 517 a factor of 1775062?
False
Does 7 divide 50454?
False
Is 107 a factor of 24973?
False
Does 66 divide 907698?
True
Is 59195 a multiple of 3?
False
Is 4 a factor of 163911?
False
Is 5671536 a multiple of 1192?
True
Is 62856 a multiple of 97?
True
Is 111 a factor of 1616559?
False
Is 276 a factor of 317400?
True
Is 18737818 a multiple of 36?
False
Is 157 a factor of 3479055?
False
Is 15 a factor of 2244090?
True
Is 1151114 a multiple of 217?
False
Does 40 divide 3546560?
True
Is 1959468 a multiple of 956?
False
Is 16621 even?
False
Does 23 divide 738188?
False
Does 14 divide 5955694?
False
Does 344 divide 6374481?
False
Is 1809 a factor of 18591987?
False
Does 35 divide 368745?
False
Is 3 a factor of 1172842?
False
Is 6 a factor of 749992?
False
Is 357245 a multiple of 59?
True
Is 859649 a multiple of 382?
False
Is 13 a factor of 240326?
False
Is 5 a factor of 9506777?
False
Is 21767 even?
False
Is 333795 a multiple of 33?
True
Is 1402464 a multiple of 224?
True
Is 65 a factor of 294450?
True
Is 477 a factor of 176550?
False
Does 17 divide 5083?
True
Does 6 divide 271878?
True
Is 5903442 a multiple of 753?
False
Does 39 divide 179462?
False
Is 35 a factor of 853969?
False
Does 24 divide 313642?
False
Does 118 divide 30705488?
True
Is 9 a factor of 88218?
True
Does 225 divide 163800?
True
Does 28 divide 120400?
True
Is 6 a factor of 371280?
True
Is 12994159 a multiple of 163?
False
Does 113 divide 349735?
True
Is 5698836 a multiple of 396?
True
Does 34 divide 4175506?
True
Is 1868216 a multiple of 14?
True
Does 647 divide 12379698?
True
Is 2624454 a multiple of 106?
True
Does 43 divide 3540190?
True
Is 370 a factor of 3014077?
False
Is 2372361 a multiple of 453?
True
Is 203 a factor of 506460?
False
Is 56 a factor of 3540712?
True
Is 2323599 a multiple of 537?
True
Does 5 divide 1007887?
False
Is 502334 a multiple of 14?
True
Does 37 divide 99419?
True
Is 32 a factor of 1560576?
True
Is 456 a factor of 2559134?
False
Is 321 a factor of 60027?
True
Is 75 a factor of 750825?
True
Does 265 divide 280951?
False
Does 20 divide 764745?
False
Is 137 a factor of 8270087?
False
Is 16 a factor of 8446432?
True
Does 124 divide 842301?
False
Is 1888567 a multiple of 29?
True
Does 4 divide 147438?
False
Is 8 a factor of 123192?
True
Is 5051111 a multiple of 101?
True
Is 2748408 a multiple of 14?
False
Is 498291 a multiple of 3?
True
Is 83 a factor of 702?
False
Does 68 divide 144976?
True
Does 21 divide 1433211?
False
Is 3927880 a multiple of 110?
True
Is 275069 a multiple of 27?
False
Is 155 a factor of 1322770?
True
Does 277 divide 2567838?
False
Is 15896110 a multiple of 30?
False
Is 1031835 a multiple of 951?
True
Does 274 divide 404259?
False
Is 294 a factor of 29732?
False
Does 157 divide 2059596?
False
Is 278890 a multiple of 5?
True
Does 92 divide 8096328?
False
Is 402716 a multiple of 5?
False
Does 19 divide 2079045?
False
Does 43 divide 776195?
False
Does 110 divide 7557220?
True
Does 65 divide 551120?
False
Is 188